f 27334989 and 2673?
891
What is the greatest common divisor of 1274 and 3374?
14
Calculate the greatest common divisor of 8533 and 9250991.
1219
Calculate the greatest common divisor of 19610 and 851.
37
Calculate the greatest common divisor of 3529619 and 29.
29
Calculate the greatest common factor of 6368487 and 142.
71
Calculate the highest common factor of 1359935195 and 5.
5
Calculate the highest common factor of 400 and 1162750.
50
What is the highest common divisor of 137288 and 206980?
524
Calculate the highest common factor of 85226778 and 1176.
294
Calculate the greatest common factor of 8473761 and 17427.
471
Calculate the highest common divisor of 400 and 39485200.
400
What is the greatest common factor of 292716 and 125819?
47
What is the highest common divisor of 180 and 71035425?
45
What is the highest common factor of 4579718 and 3484?
1742
Calculate the highest common divisor of 46228 and 260.
52
Calculate the greatest common divisor of 23672670 and 256785.
4845
What is the greatest common factor of 5841 and 58025?
11
Calculate the greatest common factor of 2186136 and 48.
24
What is the highest common divisor of 2662 and 2216962?
242
What is the highest common divisor of 5722787 and 208453?
2149
Calculate the highest common divisor of 37372 and 25464.
4
Calculate the greatest common divisor of 240 and 28726760.
40
What is the highest common factor of 850323 and 1615?
17
What is the greatest common factor of 69296650 and 860?
430
What is the highest common divisor of 119 and 220591?
7
Calculate the highest common divisor of 1702 and 119805482.
1702
What is the greatest common factor of 390 and 49356723?
39
Calculate the highest common divisor of 21115305 and 105.
15
Calculate the highest common factor of 105989 and 669335.
263
What is the greatest common factor of 1090 and 15242015?
545
What is the greatest common factor of 1332707988 and 12?
12
Calculate the highest common factor of 328 and 5004952.
328
What is the greatest common divisor of 8 and 86829916?
4
Calculate the greatest common factor of 76919076 and 468.
468
Calculate the highest common divisor of 94444049 and 1449.
161
Calculate the greatest common factor of 297604 and 2820.
188
Calculate the greatest common divisor of 405572 and 21484.
164
Calculate the greatest common factor of 4449114 and 8883.
1269
Calculate the greatest common divisor of 298 and 53093915.
149
Calculate the greatest common divisor of 4541 and 4966659.
239
Calculate the greatest common factor of 32908 and 19076.
76
Calculate the highest common divisor of 28244 and 774824.
92
What is the highest common factor of 1041304230 and 60?
30
Calculate the greatest common factor of 196 and 14989982.
98
What is the greatest common factor of 4575 and 1757837?
61
Calculate the greatest common factor of 222462661 and 6584.
823
Calculate the greatest common factor of 175086 and 25500906.
2466
Calculate the highest common factor of 754743099 and 2018.
1009
What is the greatest common divisor of 7407401712 and 1104?
1104
Calculate the greatest common divisor of 31317633 and 18.
9
Calculate the greatest common factor of 12261653 and 604.
151
Calculate the highest common divisor of 347673624 and 24.
24
Calculate the greatest common factor of 84 and 54918864.
84
Calculate the greatest common factor of 357043982 and 394.
394
Calculate the greatest common factor of 74200 and 343.
7
Calculate the highest common divisor of 24133956 and 10164.
924
What is the greatest common divisor of 341244 and 84?
12
What is the highest common divisor of 16031203 and 191?
191
Calculate the greatest common divisor of 3060091 and 7.
1
Calculate the greatest common factor of 4494788 and 7136.
892
What is the greatest common factor of 791544 and 732?
12
Calculate the highest common factor of 23015600 and 12.
4
What is the greatest common factor of 62624 and 26904?
152
What is the greatest common divisor of 165102 and 2562?
42
Calculate the greatest common factor of 6 and 81471777.
3
What is the highest common factor of 755 and 499641635?
755
Calculate the greatest common divisor of 5570484 and 15768.
876
Calculate the greatest common factor of 356 and 10547301.
89
What is the highest common factor of 37391 and 417?
139
Calculate the highest common factor of 1273 and 5846167.
19
What is the highest common factor of 4502128 and 1968?
656
Calculate the highest common factor of 4390974 and 8505.
63
Calculate the highest common factor of 264 and 101666928.
264
Calculate the highest common factor of 697 and 1856849.
41
What is the greatest common factor of 90 and 2919790?
10
Calculate the highest common divisor of 151927 and 5004.
139
What is the greatest common factor of 55288770 and 764?
382
What is the highest common factor of 174 and 3177114?
6
Calculate the highest common divisor of 14081810 and 80.
10
What is the highest common divisor of 1986834234 and 17?
17
Calculate the greatest common factor of 12026036 and 962.
74
Calculate the greatest common factor of 6041074 and 6954.
122
What is the highest common factor of 891293 and 1087711?
1853
What is the greatest common factor of 73853490 and 15762?
426
Calculate the greatest common factor of 7000 and 8659875.
875
What is the highest common factor of 4536816 and 7520?
752
Calculate the greatest common divisor of 522172 and 2677777.
1097
What is the highest common divisor of 14616 and 11373742?
58
What is the greatest common divisor of 1824 and 52333920?
96
Calculate the highest common factor of 9061 and 1551979.
13
Calculate the greatest common divisor of 90743349 and 465711.
8787
Calculate the highest common divisor of 986 and 85318087.
493
Calculate the highest common factor of 30153 and 48507.
1311
Calculate the greatest common divisor of 6918394 and 11718.
434
What is the highest common factor of 7048553 and 386?
193
Calculate the highest common divisor of 3728475 and 875.
25
What is the greatest common factor of 37386 and 72527634?
1206
Calculate the highest common divisor of 64526 and 10934224.
5866
Calculate the highest common divisor of 93908 and 167008.
68
What is the greatest common factor of 5358195 and 138105?
1395
What is the highest common divisor of 100116 and 118098?
486
What is the greatest common divisor of 529 and 58555884?
23
Calculate the highest common factor of 1020818 and 13468992.
4838
Calculate the greatest common divisor of 286829983 and 11.
11
Calculate the highest common divisor of 28157047 and 758.
379
Calculate the highest common divisor of 31414922 and 1918.
1918
What is the highest common factor of 28 and 15514716?
28
What is the highest common divisor of 521741 and 176?
11
Calculate the highest common divisor of 15624 and 66311294.
434
Calculate the highest common factor of 21 and 16022209.
7
What is the greatest common divisor of 237187901 and 398?
199
What is the highest common factor of 248 and 12963440?
8
What is the greatest common factor of 40093986 and 206?
206
Calculate the highest common divisor of 74043 and 6878.
19
Calculate the greatest common factor of 8173 and 28039.
11
What is the highest common factor of 147363421 and 146?
73
What is the greatest common factor of 1573017 and 80571?
753
Calculate the highest common divisor of 243 and 23639040.
243
What is the greatest common divisor of 258 and 46117328?
86
Calculate the greatest common divisor of 2807 and 111070183.
2807
Calculate the greatest common factor of 57 and 22611007.
19
Calculate the highest common factor of 308451451 and 17.
17
What is the greatest common factor of 19950 and 7790874?
798
What is the highest common factor of 21772864 and 64?
64
What is the highest common factor of 8476020 and 903960?
5580
Calculate the greatest common factor of 3360 and 116983440.
1680
Calculate the highest common divisor of 22903 and 3155043.
619
What is the greatest common factor of 3562460 and 7040?
220
Calculate the greatest common factor of 210 and 27346074.
42
Calculate the greatest common factor of 54 and 13956489.
27
Calculate the highest common divisor of 11882353 and 21.
7
Calculate the greatest common factor of 57166 and 1914758.
202
What is the highest common divisor of 11030 and 9110?
10
Calculate the greatest common factor of 3034984848 and 21.
21
Calculate the highest common